 prime factors of 1691.
19, 89
What are the prime factors of 110024?
2, 17, 809
List the prime factors of 1168.
2, 73
What are the prime factors of 147?
3, 7
List the prime factors of 2089.
2089
List the prime factors of 956.
2, 239
List the prime factors of 11391.
3, 3797
List the prime factors of 116.
2, 29
List the prime factors of 1194.
2, 3, 199
What are the prime factors of 64639?
37, 1747
List the prime factors of 4317.
3, 1439
List the prime factors of 16017.
3, 19, 281
What are the prime factors of 99043?
7, 14149
List the prime factors of 11501.
7, 31, 53
List the prime factors of 44821.
7, 19, 337
List the prime factors of 1317.
3, 439
What are the prime factors of 26955?
3, 5, 599
List the prime factors of 30076.
2, 73, 103
What are the prime factors of 7175?
5, 7, 41
List the prime factors of 1036.
2, 7, 37
What are the prime factors of 2274?
2, 3, 379
List the prime factors of 18444.
2, 3, 29, 53
List the prime factors of 2824.
2, 353
What are the prime factors of 2841?
3, 947
List the prime factors of 7629.
3, 2543
List the prime factors of 163124.
2, 13, 3137
List the prime factors of 2031.
3, 677
List the prime factors of 1801.
1801
List the prime factors of 18038.
2, 29, 311
List the prime factors of 20651.
107, 193
List the prime factors of 1222.
2, 13, 47
What are the prime factors of 16425?
3, 5, 73
List the prime factors of 6689.
6689
What are the prime factors of 1255?
5, 251
What are the prime factors of 19362?
2, 3, 7, 461
List the prime factors of 56767.
56767
What are the prime factors of 5871?
3, 19, 103
What are the prime factors of 4237?
19, 223
List the prime factors of 5303.
5303
What are the prime factors of 98417?
11, 23, 389
What are the prime factors of 547?
547
List the prime factors of 1056.
2, 3, 11
What are the prime factors of 987?
3, 7, 47
What are the prime factors of 4461?
3, 1487
What are the prime factors of 2815?
5, 563
What are the prime factors of 4924?
2, 1231
List the prime factors of 10377.
3, 1153
What are the prime factors of 28209?
3, 9403
List the prime factors of 179.
179
What are the prime factors of 6388?
2, 1597
List the prime factors of 817.
19, 43
What are the prime factors of 70122?
2, 3, 13, 29, 31
What are the prime factors of 840?
2, 3, 5, 7
List the prime factors of 5177.
31, 167
List the prime factors of 65.
5, 13
List the prime factors of 101273.
101273
What are the prime factors of 17771?
13, 1367
List the prime factors of 4003.
4003
What are the prime factors of 5626?
2, 29, 97
What are the prime factors of 1963?
13, 151
What are the prime factors of 3838?
2, 19, 101
What are the prime factors of 51790?
2, 5, 5179
What are the prime factors of 2559?
3, 853
What are the prime factors of 129373?
53, 2441
What are the prime factors of 1487?
1487
List the prime factors of 416.
2, 13
List the prime factors of 85820.
2, 5, 7, 613
What are the prime factors of 2591?
2591
What are the prime factors of 3877?
3877
List the prime factors of 2181.
3, 727
What are the prime factors of 891?
3, 11
What are the prime factors of 1047?
3, 349
What are the prime factors of 107028?
2, 3, 991
List the prime factors of 3382.
2, 19, 89
What are the prime factors of 2257?
37, 61
What are the prime factors of 1100?
2, 5, 11
List the prime factors of 584.
2, 73
What are the prime factors of 21866?
2, 13, 29
What are the prime factors of 19241?
71, 271
What are the prime factors of 152220?
2, 3, 5, 43, 59
List the prime factors of 18053.
7, 2579
List the prime factors of 450.
2, 3, 5
What are the prime factors of 7545?
3, 5, 503
What are the prime factors of 22436?
2, 71, 79
List the prime factors of 62298.
2, 3, 3461
List the prime factors of 3149.
47, 67
List the prime factors of 7577.
7577
What are the prime factors of 29580?
2, 3, 5, 17, 29
What are the prime factors of 760?
2, 5, 19
What are the prime factors of 7070?
2, 5, 7, 101
List the prime factors of 133.
7, 19
What are the prime factors of 18100?
2, 5, 181
What are the prime factors of 85568?
2, 7, 191
List the prime factors of 100160.
2, 5, 313
What are the prime factors of 196304?
2, 12269
What are the prime factors of 544?
2, 17
What are the prime factors of 8372?
2, 7, 13, 23
List the prime factors of 25557.
3, 7, 1217
What are the prime factors of 50046?
2, 3, 19, 439
What are the prime factors of 320?
2, 5
List the prime factors of 43872.
2, 3, 457
List the prime factors of 25370.
2, 5, 43, 59
List the prime factors of 63911.
79, 809
List the prime factors of 32967.
3, 11, 37
List the prime factors of 41132.
2, 7, 13, 113
List the prime factors of 46.
2, 23
List the prime factors of 51167.
19, 2693
List the prime factors of 3527.
3527
What are the prime factors of 3251?
3251
What are the prime factors of 502?
2, 251
What are the prime factors of 1462?
2, 17, 43
What are the prime factors of 362?
2, 181
What are the prime factors of 22109?
22109
List the prime factors of 1074.
2, 3, 179
List the prime factors of 3076.
2, 769
What are the prime factors of 69193?
69193
List the prime factors of 3087.
3, 7
What are the prime factors of 10523?
17, 619
List the prime factors of 11649.
3, 11, 353
List the prime factors of 4481.
4481
What are the prime factors of 885?
3, 5, 59
What are the prime factors of 6847?
41, 167
What are the prime factors of 857?
857
List the prime factors of 1014.
2, 3, 13
What are the prime factors of 1798?
2, 29, 31
What are the prime factors of 47151?
3, 13, 31
What are the prime factors of 22060?
2, 5, 1103
List the prime factors of 10443.
3, 59
List the prime factors of 2821.
7, 13, 31
What are the prime factors of 21463?
13, 127
List the prime factors of 1686.
2, 3, 281
List the prime factors of 2268.
2, 3, 7
What are the prime factors of 6480?
2, 3, 5
List the prime factors of 13409.
11, 23, 53
What are the prime factors of 21441?
3, 7, 1021
What are the prime factors of 3591?
3, 7, 19
What are the prime factors of 6125?
5, 7
What are the prime factors of 14488?
2, 1811
What are the prime factors of 5371?
41, 131
List the prime factors of 21301.
7, 17, 179
What are the prime factors of 93433?
233, 401
What are the prime factors of 5603?
13, 431
What are the prime factors of 42782?
2, 21391
List the prime factors of 8554.
2, 7, 13, 47
List the prime factors of 3370.
2, 5, 337
List the prime factors of 57012.
2, 3, 4751
What are the prime factors of 6019?
13, 463
What are the prime factors of 6153?
3, 7, 293
What are the prime factors of 34540?
2, 5, 11, 157
List the prime factors of 708.
2, 3, 59
What are the prime factors of 80505?
3, 5, 1789
List the prime factors of 55150.
2, 5, 1103
What are the prime factors of 8853?
3, 13, 227
What are the prime factors of 863?
863
List the prime factors of 8833.
11, 73
What are the prime factors of 882?
2, 3, 7
List the prime factors of 1010.
2, 5, 101
List the prime factors of 35758.
2, 19, 941
List the prime factors of 15199.
15199
List the prime factors of 15629.
15629
What are the prime factors of 18328?
2, 29, 79
What are the prime factors of 1336?
2, 167
List the prime factors of 4129.
4129
List the prime factors of 61394.
2, 30697
List the prime factors of 5749.
5749
List the prime factors of 1181.
1181
What are the prime factors of 55455?
3, 5, 3697
List the prime factors of 812.
2, 7, 29
What are the prime factors of 8179?
8179
What are the prime factors of 117824?
2, 7, 263
List the prime factors of 33345.
3, 5, 13, 19
List the prime factors of 31050.
2, 3, 5, 23
What are the prime factors of 1321?
1321
List the prime factors of 6558.
2, 3, 1093
List the prime factors of 135.
3, 5
List the prime factors of 92.
2, 23
What are the prime factors of 62294?
2, 31147
What are the prime factors of 4165?
5, 7, 17
What are the prime factors of 6456?
2, 3, 269
List the prime factors of 4.
2
List the prime factors of 12716.
2, 11, 17
List the prime factors of 3017.
7, 431
What are the prime factors of 5718?
2, 3, 953
List the prime factors of 21846.
2, 3, 11, 331
What are the prime factors of 22105?
5, 4421
List the prime factors of 1209.
3, 13, 31
List the prime factors of 49826.
2, 7, 3559
List the prime factors of 42016.
2, 13, 101
What are the prime factors of 48574?
2, 149, 163
List the prime factors of 880.
2, 5, 11
What are the prime factors of 6219?
3, 691
